 is the units digit of i?
8
What is the tens digit of 197 + (-3)/6*8?
9
Let a(v) = v**3 - 21*v**2 + 20*v + 16. What is the tens digit of a(20)?
1
Let m = 6 - 2. What is the tens digit of (-652)/(-28) - m/14?
2
What is the tens digit of (-1)/(568/(-188) - -3)?
4
What is the units digit of (-2 - -14)*(-4)/((-48)/28)?
8
Suppose 0 = -3*x + 2*p + 121, -2*x - 35 = -3*x + 2*p. What is the units digit of x?
3
Let r = -31 - -34. Let z(d) be the second derivative of -d**5/20 + d**4/2 - 5*d**3/6 + d**2 + d. What is the tens digit of z(r)?
1
Let j be 5*1/(-2)*-2. Let f(t) = t - 2. Let o be f(j). Suppose 7 - o = q. What is the units digit of q?
4
Let g = 9 + -9. Suppose g = s + 4*s - 60. What is the units digit of s?
2
Let b(i) = 6*i**2 - 3*i + 8. Let l(j) = -5*j**2 + 3*j - 7. Let x(h) = -4*b(h) - 5*l(h). What is the units digit of x(3)?
3
Let c = -51 - -90. What is the units digit of c?
9
Let r be 594/(-14) - (-15)/35. Suppose 0 = 4*t + o - 4, -3*o - 4 = -t + 10. What is the units digit of (-5)/t*r/15?
7
Let p(q) = 4*q**2 - 2*q - 1. Let o be p(-1). Suppose 0*v + 10 = o*v. Suppose -v*m = -5*n + 26, 4*n - 2*n = 4*m + 20. What is the units digit of n?
4
Suppose 0 = -4*r + 5*s + 659, -2*s + 480 = 3*r - s. What is the units digit of r?
1
Let n = 248 - 164. What is the units digit of n?
4
Let l be -3 - (1 - (1 - -10)). Suppose m = -y + l, -3*y - 3*m = -5*y - 1. Suppose -y*i + 15 + 13 = 0. What is the units digit of i?
7
Let o(i) be the first derivative of 3*i**2/2 + 3. Let q be o(1). What is the units digit of (-3)/((-3)/q) + 2?
5
What is the hundreds digit of (4 - 2)/(4/218)?
1
Let k(t) = 5*t**2 + t. Let g be k(-1). What is the tens digit of -2 + 18/4*g?
1
Let t(y) = y**2 + 14*y + 22. Suppose 5*q + 15 + 65 = 0. What is the tens digit of t(q)?
5
Let l(r) = -7*r**2 + 2*r - 1. Let s be l(1). Let v = 10 + s. What is the units digit of v?
4
Let f(v) = -v**2 + v - 1. Let p be f(4). Let d = -10 + -8. Let l = p - d. What is the units digit of l?
5
Let o = 104 - -30. What is the tens digit of o?
3
Suppose -15 = -4*g - g. Let i(z) = 5*z + 3. What is the tens digit of i(g)?
1
Suppose 0 = -2*k + 3*c + 76, c + 2*c + 114 = 3*k. What is the tens digit of k?
3
Let c = 43 + 30. What is the units digit of c?
3
Let h be (-15 - -33)*(-28)/6. Let j = -53 - h. What is the units digit of j?
1
What is the units digit of 0*2/6 + 8?
8
Suppose -5*y - q = -20, -3*y + 1 + 3 = -q. Let k be (2/(-4))/(y/12). What is the units digit of (-2 - k) + 2 - 0?
2
Suppose 6*s - 2*d = 2*s + 32, -5*s - 3*d + 18 = 0. Let j be (-3)/(-3 - (-4 - -2)). What is the units digit of (j/s)/((-2)/(-24))?
6
Let y(t) be the second derivative of t**4/12 + t**3/6 - 3*t**2/2 + 5*t. Suppose 4*q - u - 2*u + 15 = 0, 5*q + 20 = 5*u. What is the units digit of y(q)?
3
Let o = 15 - -11. What is the units digit of o?
6
Let m(v) be the second derivative of v**5/30 - v**4/24 + v**3/6 + v**2 + 2*v. Let g(w) be the first derivative of m(w). What is the units digit of g(1)?
2
Suppose -y + 4 = y. What is the units digit of y?
2
Let a = 239 + -137. What is the tens digit of a?
0
Suppose y - 5*y = 0. Suppose y*l = 4*l - 12. Suppose l*r - 4*r + 6 = 0. What is the units digit of r?
6
Let h = -12 + 13. Let m(q) = 4*q - 4. Let z(b) = -1. Let w(u) = m(u) - 5*z(u). What is the units digit of w(h)?
5
Let x(c) = -11*c + 59. What is the tens digit of x(-6)?
2
Let f(d) = 9*d - 7. What is the units digit of f(5)?
8
Let i = 6 - 0. Let h(j) = -j**3 + 6*j**2 + 2*j. What is the units digit of h(i)?
2
Suppose 3*b - q = 599, 0 = -q + 1. Let k be b/35 - 4/(-14). Let s = -4 + k. What is the units digit of s?
2
Let g = -12 - -21. What is the units digit of g?
9
Let d(q) = q**3 + 6*q**2 + q. Suppose -3*f + v = 3*v + 16, f + 14 = -5*v. Let u be d(f). Let x = -20 + u. What is the units digit of x?
8
Let c = -17 + -25. Let i = -6 - c. Suppose -3*l - 6*g = -2*g - i, 5*l = -g + 60. What is the units digit of l?
2
Suppose p + 2*d - 7 = 6*p, 5*p - d = -11. Let n(s) = -4*s**3 + 2*s**2 + 2*s + 1. Let o be n(-1). Let y = o + p. What is the units digit of y?
2
Let t = 6 - 10. Let q = 27 - t. What is the units digit of q?
1
Let l(g) = 16*g**3 - g**2 - g + 1. Let h(q) = -q**2 - 9*q - 7. Let y be h(-8). What is the units digit of l(y)?
5
Let p = -40 - -63. What is the tens digit of p?
2
Let z(y) = -y**3 + 7*y**2 + 5. Let s(b) = b**3 - 8*b**2 - b - 6. Let n(m) = 2*s(m) + 3*z(m). What is the tens digit of n(4)?
1
Let j(v) = -v**3 + 4*v**2 - 5*v + 4. Let b be j(3). What is the units digit of ((-1)/(-4))/(b/(-8))?
1
Suppose 0*i + 655 = 5*s + i, -i = 0. What is the tens digit of s?
3
Suppose -3*r + 155 = 2*r. What is the units digit of r?
1
Suppose 3*x + 34 = -5*k - 9, 2*k - x = -26. Let g(v) = v + 25. Let o be g(k). Suppose -1 = -3*a + o. What is the units digit of a?
5
Suppose 3*h = 2*h + 66. What is the tens digit of h?
6
Suppose -13 = -s - 5*c, -4*c + 11 = 2*s - 3. Suppose n - 64 = -s*n. What is the tens digit of n?
1
What is the tens digit of (-1017)/(-9) + 0/1?
1
Suppose -6*t = -8*t + 44. What is the units digit of t?
2
Let h be 1 + 1*6/(-2). Let a = h - -15. What is the tens digit of a?
1
Let a(x) = x**3 - 16*x**2 - 16*x - 15. Let p be a(17). Suppose 20 = p*m - 6*m, t - 19 = -2*m. What is the units digit of t?
9
Let n(m) = 4*m - 12. Let f be n(10). Suppose -5*a + s + f = 0, -7*s + 22 = 2*a - 2*s. What is the units digit of 4*(27/a + -1)?
4
Let m be (0 - (0 + -3)) + 11. Let l be (332/(-6))/(m/(-21)). Suppose 3*o + 2*g + 33 - l = 0, 15 = 2*o + 5*g. What is the units digit of o?
0
Suppose -5*f = -j - 262, -5*f - 2*j + 5*j + 256 = 0. What is the units digit of f?
3
Let g = 167 + -8. What is the units digit of g?
9
Suppose g + 19 = 4*d - 0*g, 0 = -g + 1. Suppose 14 - d = 3*i. What is the units digit of i/9*3 - -2?
3
Let z(o) = o**3 - 7*o**2 - 2*o + 9. Let p be z(7). What is the tens digit of 6/(3 - p/(-2))?
1
Let m(h) = -2*h - 6. Let c be m(-10). Suppose s - 3*y - 16 = 0, 0 = 2*s - 4*y - c - 12. What is the units digit of s?
7
Suppose -2*x = -6*x + 16. Suppose 9 + 31 = 2*k. Suppose 2*t = x + k. What is the units digit of t?
2
Suppose g + 0*g - 2 = 0. Suppose -1 = a - 4*l, 40 = 2*a + g*a - 5*l. What is the tens digit of a?
1
Suppose 0 = -0*u + 4*u - 4*c - 140, -5*c - 25 = 0. Suppose 0 = 5*n + 3*t + 14, -5*t - u = 2*n - 13. What is the units digit of 6 + n*(3 + -2)?
5
What is the tens digit of 0/(-5) + (133 - 1)?
3
Let c(i) = 58*i**3 + 2*i**2 - i. Let j be c(1). Let s = j - 42. What is the tens digit of s?
1
Let g = 26 + -17. Let q = g - -3. What is the tens digit of q?
1
Let h(y) = 8*y**2. Let r be h(1). Let d = r + -28. What is the units digit of 51/4 + (-5)/d?
3
Let w = 17 + -32. Let p be 4/(1 - (-9)/w). Let m = -7 + p. What is the units digit of m?
3
What is the tens digit of (-18 - -17) + (-2 - 394/(-2))?
9
Suppose 4*a + 31 = -17. Let g be 2/a - (-3)/18. Suppose 4*f + g*f + s = 8, 3*s = f - 15. What is the units digit of f?
3
Let t = 497 - 222. What is the hundreds digit of t?
2
Let z(i) = -4*i**3 - 4. Let b(t) = -3*t**3 + t - 4. Let h(w) = -3*b(w) + 2*z(w). Let y be h(-3). Let x = y + 21. What is the units digit of x?
7
Suppose -5*k - z = -2*k - 220, 3*z - 364 = -5*k. What is the units digit of k?
4
Let z(t) = -t**3 + 8*t**2 - 8*t + 9. Let q be z(7). Let b(a) = -2*a - a**2 - a - 3 - q*a. What is the units digit of b(-3)?
3
Let n = 159 - 95. What is the tens digit of n?
6
Suppose -9*i + 24 = -8*i. Let j = i - 0. Suppose 2*t = -t + j. What is the units digit of t?
8
Let m be 0/(-1 - -2 - 2). What is the units digit of (m - 1)/((-1)/16)?
6
Suppose 5*i = -5*j, i = j - 8 - 2. Let y = 15 - 8. Let d = y - j. What is the units digit of d?
2
Let n(m) = m**3 - 13*m**2 + 19*m - 28. What is the units digit of n(12)?
6
Suppose -c = -0*c. What is the units digit of 20 + (2 - 2) + c?
0
Let l(o) be the first derivative of -o**3/3 + o**2/2 + 14*o - 5. What is the units digit of l(0)?
4
Let b be 2 + 4 + (-4 - -1). Suppose -5*o + b = -17. What is the units digit of o?
4
Let t(h) = h**2 + 8*h - 6. What is the units digit of t(-11)?
7
Let t(v) be the third derivative of -3*v**2 + 5/12*v**4 + 0 + 7/60*v**5 + 0*v - 7/6*v**3 - 1/120*v**6. What is the units digit of t(8)?
9
Let x(z) = z + 15. Let j be x(-9). Suppose -4*d + h + 14 = 0, 11 = 5*d - 4*h + j*h. What is the units digit of d +